e greatest common factor of 570229 and 308.
11
What is the greatest common divisor of 486 and 48028707?
243
Calculate the highest common factor of 5817205 and 5.
5
Calculate the greatest common factor of 1209748 and 24716.
668
What is the highest common divisor of 16303510 and 20?
10
Calculate the greatest common divisor of 355581944 and 1192.
1192
What is the highest common factor of 6219638 and 6?
2
What is the highest common factor of 704 and 214577?
11
Calculate the greatest common divisor of 6 and 280949.
1
Calculate the highest common divisor of 19 and 9856117.
19
What is the greatest common factor of 153 and 111114?
9
What is the greatest common factor of 156 and 5201716?
52
Calculate the highest common divisor of 960048 and 268686.
1062
Calculate the highest common factor of 85116 and 1353.
123
Calculate the highest common factor of 50 and 7096730.
10
What is the highest common divisor of 4732 and 58448?
52
Calculate the greatest common factor of 39 and 636878437.
13
What is the greatest common divisor of 1120430790 and 3827?
3827
Calculate the highest common factor of 3060450 and 22410.
270
Calculate the highest common divisor of 1396428510 and 30.
30
What is the highest common divisor of 223 and 229?
1
Calculate the greatest common factor of 3888 and 581584.
16
What is the greatest common divisor of 2912 and 7423624?
104
What is the greatest common factor of 1267275 and 225?
75
Calculate the highest common divisor of 74 and 210690469.
37
What is the greatest common factor of 3476 and 12129739?
79
What is the highest common divisor of 530070674 and 2039?
2039
Calculate the highest common factor of 3072 and 117922944.
384
What is the highest common divisor of 15093 and 626037?
129
Calculate the greatest common factor of 60744956 and 22789.
1753
What is the greatest common divisor of 264 and 222706011?
33
What is the highest common divisor of 8809605 and 1260?
315
What is the greatest common divisor of 651 and 6144572?
217
What is the greatest common divisor of 198 and 1487448?
18
What is the highest common divisor of 24729629 and 417?
139
Calculate the highest common factor of 18122 and 17516902.
442
What is the highest common factor of 50 and 2680613150?
50
Calculate the greatest common divisor of 565 and 35385611.
113
Calculate the greatest common factor of 11 and 3931384501.
11
What is the highest common factor of 1892736 and 64128?
384
What is the greatest common factor of 429323132 and 126?
14
What is the highest common divisor of 54 and 206783586?
18
What is the greatest common factor of 9 and 32098194?
9
Calculate the highest common divisor of 6920 and 5641530.
1730
Calculate the highest common divisor of 1902709 and 652469.
3907
What is the greatest common divisor of 9961032 and 492?
492
Calculate the greatest common factor of 138 and 34346268.
138
Calculate the greatest common factor of 13366 and 518503.
163
What is the highest common divisor of 1159 and 272470469?
1159
Calculate the highest common divisor of 787022075 and 1960.
245
Calculate the greatest common factor of 333 and 207102690.
333
What is the greatest common factor of 16 and 208213496?
8
Calculate the greatest common factor of 2187 and 22815.
27
What is the greatest common factor of 3804 and 25716?
12
Calculate the highest common divisor of 633446 and 12034.
22
Calculate the highest common divisor of 911337398 and 142.
142
Calculate the highest common divisor of 38150 and 2635.
5
Calculate the highest common divisor of 260219073 and 2955.
591
What is the highest common divisor of 2688 and 388612?
28
What is the greatest common divisor of 276 and 468036?
12
Calculate the greatest common divisor of 20221 and 121910.
73
What is the highest common factor of 915501 and 25379?
619
Calculate the highest common divisor of 90828745 and 35.
35
Calculate the greatest common divisor of 19712255 and 16395.
5465
What is the highest common factor of 883268 and 35998?
878
What is the highest common factor of 2528 and 190448?
16
What is the greatest common divisor of 504514 and 668414?
298
Calculate the highest common divisor of 52019348 and 1252.
1252
Calculate the highest common divisor of 2185535 and 1012385.
4345
Calculate the highest common factor of 2335137 and 189.
21
Calculate the greatest common divisor of 2850525 and 36153.
2781
What is the highest common divisor of 390012 and 1596?
84
What is the highest common factor of 963469 and 338?
169
Calculate the greatest common divisor of 130745 and 650170.
395
What is the highest common divisor of 730280720 and 320?
80
What is the greatest common factor of 99739 and 14909?
17
Calculate the greatest common factor of 358107 and 13746.
237
Calculate the greatest common factor of 65 and 134031261.
13
What is the greatest common divisor of 4094747 and 19703?
1159
What is the highest common factor of 484555120 and 280?
280
Calculate the greatest common divisor of 5114256 and 60760.
1736
What is the highest common divisor of 8693295 and 39?
39
What is the greatest common divisor of 5247837 and 1449?
63
Calculate the greatest common divisor of 1114346 and 23978.
1262
What is the highest common factor of 31028640 and 49440?
480
What is the greatest common divisor of 170 and 52911650?
170
Calculate the highest common divisor of 88 and 753197632.
88
Calculate the greatest common divisor of 11505895 and 11315.
365
Calculate the greatest common factor of 3957025 and 1225.
25
Calculate the greatest common factor of 7676963 and 66953.
943
Calculate the greatest common factor of 3726 and 2121309.
81
Calculate the highest common factor of 3584 and 288344.
56
Calculate the greatest common factor of 6555184889 and 11.
11
What is the greatest common factor of 41175 and 106647825?
4575
What is the greatest common divisor of 1532919 and 384462?
4929
Calculate the highest common divisor of 225660 and 1992.
12
What is the highest common divisor of 11 and 115601299?
11
Calculate the greatest common divisor of 1871 and 1251629773.
1871
Calculate the highest common divisor of 35357461 and 2006.
59
Calculate the highest common factor of 317400 and 8600.
200
Calculate the greatest common divisor of 3938487 and 4053.
21
What is the greatest common factor of 69468 and 158?
2
Calculate the highest common divisor of 450 and 1386675.
225
What is the greatest common divisor of 184010 and 18245?
5
What is the greatest common divisor of 1086 and 42173?
181
Calculate the greatest common factor of 242 and 5592334.
22
What is the greatest common divisor of 564517 and 39339?
47
Calculate the greatest common divisor of 3745725 and 615.
15
Calculate the greatest common factor of 212 and 5315741.
53
Calculate the greatest common factor of 17983 and 28273.
49
What is the highest common factor of 30 and 45685440?
30
Calculate the highest common divisor of 5022406 and 11373.
223
What is the greatest common factor of 62570 and 90732757?
6257
What is the highest common factor of 1914 and 537293295?
957
What is the highest common divisor of 14700 and 221025?
525
What is the greatest common divisor of 26064 and 42292098?
3258
What is the greatest common divisor of 112 and 582907024?
112
What is the highest common factor of 10571 and 21421651?
961
What is the highest common factor of 49476 and 199082?
1178
What is the greatest common divisor of 22 and 91529867?
11
What is the greatest common factor of 1101052320 and 90?
30
What is the highest common factor of 7 and 1672217?
1
Calculate the greatest common factor of 960 and 76999380.
60
What is the highest common factor of 324 and 6341004?
324
What is the greatest common divisor of 155344354 and 50270?
10054
Calculate the highest common divisor of 28249 and 9906871.
533
What is the highest common divisor of 153 and 716340968?
17
Calculate the greatest common factor of 227182875 and 375.
375
What is the greatest common divisor of 16 and 7543616?
16
Calculate the highest common divisor of 262 and 94679988.
262
Calculate the greatest common divisor of 3630068 and 156.
52
What is the greatest common factor of 1150163 and 63?
7
Calculate the highest common divisor of 5441744 and 242704.
1232
Calculate the greatest common divisor of 1285013450 and 14.
14
Calculate the highest common factor of 1904 and 2852872.
136
Calculate the 